{"id":45,"date":"2021-03-26T09:46:18","date_gmt":"2021-03-26T08:46:18","guid":{"rendered":"http:\/\/www.aurmed.hu\/?page_id=45"},"modified":"2025-07-18T17:49:02","modified_gmt":"2025-07-18T16:49:02","slug":"kezdolap","status":"publish","type":"page","link":"https:\/\/www.aurmed.hu\/","title":{"rendered":"Kezd\u0151lap"},"content":{"rendered":"\t\t<div data-elementor-type=\"wp-page\" data-elementor-id=\"45\" class=\"elementor elementor-45\">\n\t\t\t\t<div class=\"elementor-element elementor-element-d7bc3e5 e-flex e-con-boxed e-con e-parent\" data-id=\"d7bc3e5\" data-element_type=\"container\" data-e-type=\"container\">\n\t\t\t\t\t<div class=\"e-con-inner\">\n\t\t<div class=\"elementor-element elementor-element-2c6a903 e-con-full e-flex e-con e-child\" data-id=\"2c6a903\" data-element_type=\"container\" data-e-type=\"container\">\n\t\t\t\t<div class=\"elementor-element elementor-element-0170ab4 elementor-widget elementor-widget-heading\" data-id=\"0170ab4\" data-element_type=\"widget\" data-e-type=\"widget\" data-widget_type=\"heading.default\">\n\t\t\t\t\t<h2 class=\"elementor-heading-title elementor-size-default\">\u00dcdv\u00f6z\u00f6lj\u00fck az Aurmed Kft honlapj\u00e1n!<\/h2>\t\t\t\t<\/div>\n\t\t\t\t<div class=\"elementor-element elementor-element-143325a elementor-widget elementor-widget-text-editor\" data-id=\"143325a\" data-element_type=\"widget\" data-e-type=\"widget\" data-widget_type=\"text-editor.default\">\n\t\t\t\t\t\t\t\t\t<p>\u00dcdv\u00f6z\u00f6lj\u00fck az Aurmed Kft honlapj\u00e1n!<\/p>\n<p><!-- \/wp:paragraph --><!-- wp:paragraph --><\/p>\n<p>Ismerje meg fejleszt\u00e9seinket, <a href=\"https:\/\/www.aurmed.hu\/index.php\/palyazataink\/\" data-type=\"page\" data-id=\"29\">p\u00e1ly\u00e1zatainkat <\/a>weboldalunkon, k\u00e9rd\u00e9s eset\u00e9n, l\u00e9pjen kapcsolatba vel\u00fcnk <a href=\"https:\/\/www.aurmed.hu\/index.php\/kapcsolat\/\" data-type=\"page\" data-id=\"37\">el\u00e9rhet\u0151s\u00e9gein<\/a>ken!<\/p>\t\t\t\t\t\t\t\t<\/div>\n\t\t\t\t<\/div>\n\t\t<div class=\"elementor-element elementor-element-85fa58f e-con-full e-flex e-con e-child\" data-id=\"85fa58f\" data-element_type=\"container\" data-e-type=\"container\">\n\t\t\t\t<div class=\"elementor-element elementor-element-5f999bf elementor-widget elementor-widget-image\" data-id=\"5f999bf\" data-element_type=\"widget\" data-e-type=\"widget\" data-widget_type=\"image.default\">\n\t\t\t\t\t\t\t\t\t\t\t\t\t\t\t<img fetchpriority=\"high\" decoding=\"async\" width=\"767\" height=\"530\" src=\"https:\/\/www.aurmed.hu\/wp-content\/uploads\/2025\/07\/Szechenyi-fejlec.jpg\" class=\"attachment-large size-large wp-image-106\" alt=\"\" srcset=\"https:\/\/www.aurmed.hu\/wp-content\/uploads\/2025\/07\/Szechenyi-fejlec.jpg 767w, https:\/\/www.aurmed.hu\/wp-content\/uploads\/2025\/07\/Szechenyi-fejlec-300x207.jpg 300w\" sizes=\"(max-width: 767px) 100vw, 767px\" \/>\t\t\t\t\t\t\t\t\t\t\t\t\t\t\t<\/div>\n\t\t\t\t<\/div>\n\t\t\t\t\t<\/div>\n\t\t\t\t<\/div>\n\t\t<div class=\"elementor-element elementor-element-9e92f5d e-flex e-con-boxed e-con e-parent\" data-id=\"9e92f5d\" data-element_type=\"container\" data-e-type=\"container\">\n\t\t\t\t\t<div class=\"e-con-inner\">\n\t\t\t\t\t<\/div>\n\t\t\t\t<\/div>\n\t\t\t\t<\/div>\n\t\t","protected":false},"excerpt":{"rendered":"<p>\u00dcdv\u00f6z\u00f6lj\u00fck az Aurmed Kft honlapj\u00e1n! \u00dcdv\u00f6z\u00f6lj\u00fck az Aurmed Kft honlapj\u00e1n! Ismerje meg fejleszt\u00e9seinket, p\u00e1ly\u00e1zatainkat weboldalunkon, k\u00e9rd\u00e9s eset\u00e9n, l\u00e9pjen kapcsolatba vel\u00fcnk el\u00e9rhet\u0151s\u00e9geinken!<\/p>\n","protected":false},"author":2,"featured_media":0,"parent":0,"menu_order":0,"comment_status":"closed","ping_status":"closed","template":"","meta":{"footnotes":""},"class_list":["post-45","page","type-page","status-publish","hentry"],"_links":{"self":[{"href":"https:\/\/www.aurmed.hu\/index.php\/wp-json\/wp\/v2\/pages\/45","targetHints":{"allow":["GET"]}}],"collection":[{"href":"https:\/\/www.aurmed.hu\/index.php\/wp-json\/wp\/v2\/pages"}],"about":[{"href":"https:\/\/www.aurmed.hu\/index.php\/wp-json\/wp\/v2\/types\/page"}],"author":[{"embeddable":true,"href":"https:\/\/www.aurmed.hu\/index.php\/wp-json\/wp\/v2\/users\/2"}],"replies":[{"embeddable":true,"href":"https:\/\/www.aurmed.hu\/index.php\/wp-json\/wp\/v2\/comments?post=45"}],"version-history":[{"count":13,"href":"https:\/\/www.aurmed.hu\/index.php\/wp-json\/wp\/v2\/pages\/45\/revisions"}],"predecessor-version":[{"id":112,"href":"https:\/\/www.aurmed.hu\/index.php\/wp-json\/wp\/v2\/pages\/45\/revisions\/112"}],"wp:attachment":[{"href":"https:\/\/www.aurmed.hu\/index.php\/wp-json\/wp\/v2\/media?parent=45"}],"curies":[{"name":"wp","href":"https:\/\/api.w.org\/{rel}","templated":true}]}}